3 + 1/6*h**4 + 82*h**2 + 0 + 0*h - 1/60*h**5. Calculate k(l).
-7
Let g(n) = 59*n**3 + 7*n**2 - 22*n**2 - 24*n - 116*n**3 + 41 + 59*n**3 + 64*n**2. What is g(-25)?
16
Let x = -2 - -7. Suppose -21 = x*h + 14. Let a(l) be the second derivative of l**3/2 + 3*l**2/2 + 6191*l. Calculate a(h).
-18
Suppose 4*n - 6*n - 450 = 0. Let v = n - -222. Let u(o) = -o**2 + 4*o + 2. What is u(v)?
-19
Let c(g) = 2*g**2 + 8*g - 3. Let l(s) = -2*s**2 - s + 1. Let k(y) = -c(y) - 4*l(y). What is k(1)?
1
Let u(s) = -6769*s - 74456. Let x be u(-11). Let f(n) be the first derivative of 1 + 0*n + 2/3*n**3 - n**2. What is f(x)?
12
Let n(l) = 3*l**3 + l**2 - l - 2. Let k(c) = -9*c**3 - 4*c**2 + 6*c + 11. Let m(a) = k(a) + 6*n(a). Suppose 5*g + 7 - 2 = 0. What is m(g)?
-8
Let r(b) be the third derivative of b**5/60 + b**4/4 - b**3/6 + 3*b**2. Let p(w) = 10*w**2 - 19*w + 4. Let l be p(1). Calculate r(l).
-6
Let p(l) = -6*l - 169*l**2 + 1 - 158*l**2 + 321*l**2 + 19*l - 2. What is p(4)?
-45
Let i(a) = -a**2 - 16*a - 72. Let b(u) = u**2 + 472*u + 5061. Let p be b(-11). Calculate i(p).
-12
Let l(q) = 5*q - 2. Let j(a) = 3*a. Let x(u) = -u**2 + 6*u + 14. Let p be x(8). Let y(o) = p*j(o) + l(o). What is y(-5)?
3
Suppose -152 = -4*y - 3*u, 2*y = -y - 3*u + 114. Let c = -35 + y. Let f(g) = g**c - 3*g + 12*g**2 - 14 + 8 + 8*g - 4*g**2. Give f(-7).
8
Suppose 2*s + s = -12. Let q be 6/4 - (-8)/16. Let p(u) = q - 8 - 11*u + 8*u. Determine p(s).
6
Let z(y) be the third derivative of 195*y**2 - 4/3*y**3 + 0 + 1/4*y**4 - 1/60*y**5 + 0*y. Give z(6).
-8
Suppose -4*w + 1 = -2*t - 25, -w + 3*t = -4. Suppose j = 3*u - 59, -5*u + 3*j + 68 = -37. Let y(f) = -6*f - 2*f + f**3 + 22 - 6*f**2 - u. Give y(w).
-3
Let v be (-10)/((-320)/(-72))*(5 + 56/(-24)). Let p(a) = 18*a - 14. Calculate p(v).
-122
Let c(z) = 606*z**3 + 69 - 34*z + 661*z**3 + 654*z**3 + 10*z**2 - 1920*z**3. What is c(-13)?
4
Let b(q) = 5*q - 2. Let p(u) = u**3 + 2 - 38*u**2 + 17*u**2 + 14*u**2 + 11*u**2. Let n be p(-4). Calculate b(n).
8
Let a(r) = 53*r. Suppose -2706*h + 2727*h = -21. What is a(h)?
-53
Let f = 82 + -86. Suppose 4*k + 40 = -4*j, -6*k - 6 = j - k. Let m(q) = 17*q - 8. Let o(s) = -6*s + 3. Let h(u) = f*m(u) + j*o(u). Calculate h(1).
-3
Let p be (-17 + 12)*(-4)/10. Let b(k) be the second derivative of k**3/2 + 2*k**2 + 5*k. Let l(c) = 1. Let d(w) = -b(w) + 5*l(w). Calculate d(p).
-5
Let f(o) = 3*o**2 + 10*o. Let d(t) = -18*t**2 - 53*t - 1. Let x(v) = -2*d(v) - 11*f(v). What is x(5)?
57
Let c(o) = 51*o - 31. Let j(w) = -21*w - 1. Let h(p) = c(p) + 2*j(p). Calculate h(10).
57
Suppose -9 = 3*g, -7*g = f - 5*g + 4. Let c(t) = 2*t**3 - 21*t**2 + 25*t**f - 9 - 10 - 3*t**3 - 17*t**2 - 2*t. What is c(-13)?
7
Let h(l) = -9*l + 307. Let n(k) = 8*k - 308. Let a(w) = -4*h(w) - 3*n(w). Let x be a(25). Let z(b) = -b**3 - 5*b**2 - 3*b - 4. What is z(x)?
-8
Let y(g) = g**3 + 6*g**2 + 8*g + 7. Let j be y(-7). Let c = j - -96. Let k(h) = -h**3 - 2*h**2 - 4*h - 7. Give k(c).
1
Let d = -2 + 16. Let s(c) be the first derivative of c**4/4 - 14*c**3/3 + c**2 - 25*c + 1581. Calculate s(d).
3
Let t(q) = 25*q**2 + q + 22. Let r(s) = -33*s**2 + s - 23. Let y(g) = 3*r(g) + 4*t(g). Give y(-4).
7
Let z(y) = 5*y - 3*y**2 - 6*y**2 - 4*y + 180 - 366 + 187. Calculate z(-1).
-9
Let t = -190 + 187. Let y(f) = 2*f**2 + 4 + 2*f**2 - 7*f**3 + 5*f + 8*f**3 + 0. Determine y(t).
-2
Let w be (6 - 70)/(-4)*1 + -5. Let z(n) = n**2 + 4*n - 5 - 4*n - 4*n - 6*n. Give z(w).
6
Let k(u) = -u**3 + 5*u**2 + 2*u - 6. Let d be 78/507 + (-828)/(-26). Suppose 133 + d = 33*s. Determine k(s).
4
Let o(f) be the third derivative of -f**6/120 - f**5/10 - f**4/12 - 2*f**2. Let x be (-1 - 3 - -9) + 130. Let c = x + -140. What is o(c)?
-15
Let n(f) = 2*f**2 - 8*f + 6. Let u(w) = w**2 - 82*w + 6. Let y be u(0). Determine n(y).
30
Let b be (2 - 60/27)/(27/(-243)). Let l be 0*(-1)/(1 - 0). Let h(g) = 74*g - 72*g + 1 + l - g**b. Determine h(2).
1
Suppose 0 = 3*z + 96398 - 96377. Let k(d) be the third derivative of d**5/60 + 3*d**4/8 + 3*d**3/2 - d**2. Give k(z).
-5
Let p(y) be the third derivative of y**6/120 + 7*y**5/60 - y**4/8 - 11*y**3/6 - 854*y**2. Determine p(-7).
10
Let i(h) = -106*h**3 + 1270*h**2 + 24*h + 1. Let u be i(12). Let v(o) = 2*o**3 - 2*o + 2. Calculate v(u).
2
Let f(g) be the second derivative of -2*g**3 - 36*g**2 - 70*g + 3. Determine f(-7).
12
Let l = 54 - 45. Suppose 2*x - 4 = 0, -4*f - 3 - l = 4*x. Let z(a) = 6*a + 7. What is z(f)?
-23
Let r(u) = -22*u**2 + 117*u + 56. Let t(w) = -17*w**2 + 90*w + 42. Let g(n) = 7*r(n) - 9*t(n). Let f be 8 + (0/3 - -2). What is g(f)?
4
Let n(u) = -u**3 - 6*u. Let i(k) = -8*k**3 - 2*k**2 - 35*k - 9. Let c(o) = -i(o) + 7*n(o). Give c(-4).
5
Let s(y) = 17555 - 8767 + 12*y - 8779. What is s(2)?
33
Let y(b) = -7*b**2 + 5*b + 7. Let t(g) = -9*g**2 + 5*g + 8. Let c = 172 + -168. Let d(x) = c*y(x) - 3*t(x). Let s(v) = 2*v + 1. Let a be s(2). Give d(a).
4
Let g(c) = c**2 - 6*c - 1. Let t be g(-4). Suppose 0 = 2*v + w + t, w = -4*v - 49 - 34. Let m = 23 + v. Let y(l) = 3*l + 1. What is y(m)?
4
Suppose -7*s + 3*s + 3*c + 5 = 0, 0 = 2*s + c + 5. Let w be 3/(-15)*-228 + 48/(-80). Let a(y) = 58*y - 94*y + w*y. Determine a(s).
-9
Let z(b) = -2*b + 15. Let x = 452 + -445. Suppose 110*c - 111*c = -x. Give z(c).
1
Let t(r) = -3*r**3 - 1. Let h(p) = -20*p**3 + 11*p**2 - 14*p - 25. Let k(j) = -h(j) + 7*t(j). Determine k(-12).
-6
Let k be (215/172)/(2/(-8)). Let r(s) = s**3 + 6*s**2 + 5. Determine r(k).
30
Let x(r) be the third derivative of 0*r - 5/6*r**3 - 2*r**2 + 26 + 1/24*r**4. Calculate x(6).
1
Let m be 46/40 + 2607/(-17380). Let t(p) = 12*p**2 + 3*p - 2. Let b(x) = 11*x**2 + 4*x - 3. Let s(h) = -2*b(h) + 3*t(h). Calculate s(m).
15
Let w = 33 + -33. Suppose w = -436*q + 442*q + 18. Let o(z) = z**2 + 2*z. Calculate o(q).
3
Let s(r) = 2*r**2 + 11*r + 13. Let n(q) = 123*q + 852. Let k be n(-7). What is s(k)?
76
Let s = -12384 + 12383. Let g(k) = -45*k**3 + k**2 - k - 1. Calculate g(s).
46
Let g(t) = -t**3 - 2*t**2 + t - 2. Suppose 15 = 6*s - 9*s + 3*h, 16 = -2*s + 4*h. Calculate g(s).
-4
Let a(h) = 8*h**2 + 22*h + 66. Let g(c) be the third derivative of c**5/60 + c**4/8 + 3*c**3/2 + 59*c**2. Let p(f) = 6*a(f) - 44*g(f). What is p(3)?
36
Let x = -147 + 262. Let w(y) = -x*y - 116*y + 220*y - 3. What is w(-2)?
19
Let x(p) = p**3 + 52*p**2 + 311*p - 177. Let v be x(-45). Let u(n) be the second derivative of 21*n + 1/6*n**4 + 1/2*n**2 + n**v + 0. What is u(-4)?
9
Let u be (-3)/6*(-43 - -43). Let s(q) be the third derivative of u*q + 7*q**2 - 4/3*q**3 - 1/24*q**4 + 0. Determine s(-11).
3
Let s(l) = l**3 + 12*l**2 - 82*l + 48. Let o be s(-17). Let y(n) = 7*n + 16. Determine y(o).
-5
Let a(k) = k**3 - k**2 - 2*k. Suppose -525 + 516 = -c. Let d be (6/c)/((-6)/(-18)). Determine a(d).
0
Suppose 8*w - 7*w = 2. Let x be (w/6)/((-1)/(-54)). Let v(c) = -14*c + 4 - 6*c + x*c. Calculate v(5).
-6
Let u(z) = -4*z**2 - 4*z + 6. Let m be (49/(1078/(-44)))/(-1). What is u(m)?
-18
Let n(i) be the third derivative of 0 + 1/120*i**6 - 5/3*i**3 + 0*i + 132*i**2 - 1/5*i**5 + 13/24*i**4. What is n(11)?
12
Let y(o) = -o**3 + 3*o**2 - 5*o - 4. Let q be y(4). Let i = 67 + q. Let f(j) = -j**3 - i*j + 12*j - 6 + 6*j**2 + 10*j. Determine f(5).
-6
Let m(p) = -11*p**2 - p + 6. Let w(x) = 89*x**2 + 17*x - 53. Let j(o) = 8*m(o) + w(o). Let z = -1 - 8. Determine j(z).
-5
Let g(j) be the third derivative of -j**7/5040 + 11*j**6/720 - 25*j**5/12 - j**2 + 69*j. Let h(a) be the third derivative of g(a). Give h(10).
1
Let n(p) = 3 + p**2 - 5*p + 0*p**2 + 3. Suppose 54*q + 119*q + 9*q - 910 = 0. Calculate n(q).
6
Suppose -5*s - 1 = 3*d - 0*d, -s - 1 = d. Let u(j) = 67*j**2 - 65*j**2 + 1 + 26*j + j**3 - 24*j. Calculate u(d).
-3
Let n(t) be the first derivative of t**3/3 - 6*t**2 - 7*t + 229. Let p = -62 - -73. Calculate n(p).
-18
Let d(m) = -7 + 14 + 1484*m - 1487*m. Suppose -p = -5*q + 20, -3*q - 1 = 5*p + 15. Calculate d(q).
-2
Let d(g) = -11*g**3 - 2*g**2 - g + 1. Let u(c) = 21*c**3 - 6*c**2 - 10*c - 10. Let t(b) = -2*d(b) - u(b). Give t(-6).
80
Let a be (-41)/(656/96)*(-9)/(-2). Let c(s) = s**3 + 28*s**2 + 26*s - 6. Give c(a).
21
Let n(v) = -v + 4*v**2 - 5*v**2 + v**3 + 0 - 1 + 4. Let q = 12458 + -12461. Give n(q).
-30
Let d(v) = v**3 + 9*v**2 + 10*v - 34. Suppose 0 = 20*z + 5*z - 7*z 